ided by 17785.
22
Calculate the remainder when 2936873994 is divided by 9.
6
What is the remainder when 353454 is divided by 471?
204
What is the remainder when 207321 is divided by 41299?
826
What is the remainder when 48604920 is divided by 2558153?
13
What is the remainder when 68197 is divided by 21254?
4435
What is the remainder when 5145532 is divided by 117?
106
What is the remainder when 13228 is divided by 2973?
1336
Calculate the remainder when 1086127413 is divided by 6732.
6729
Calculate the remainder when 2637628 is divided by 659404.
12
What is the remainder when 38745 is divided by 19286?
173
Calculate the remainder when 11533935 is divided by 65908.
35
What is the remainder when 8172 is divided by 8162?
10
What is the remainder when 22296142 is divided by 11?
0
Calculate the remainder when 592418 is divided by 94.
30
Calculate the remainder when 71350 is divided by 35669.
12
What is the remainder when 103635787 is divided by 1970?
1967
Calculate the remainder when 148326983 is divided by 468.
467
Calculate the remainder when 4700581 is divided by 326.
313
What is the remainder when 14890854 is divided by 267?
264
Calculate the remainder when 222864 is divided by 11112.
624
What is the remainder when 4027 is divided by 3389?
638
What is the remainder when 2409393 is divided by 602340?
33
Calculate the remainder when 89099 is divided by 4528.
3067
What is the remainder when 5219869 is divided by 415?
414
Calculate the remainder when 832820 is divided by 251.
2
What is the remainder when 5831181 is divided by 2960?
2941
What is the remainder when 2517408 is divided by 208?
192
Calculate the remainder when 1245844 is divided by 839.
768
Calculate the remainder when 12283 is divided by 1835.
1273
Calculate the remainder when 3292498 is divided by 89.
32
What is the remainder when 58703 is divided by 2995?
1798
Calculate the remainder when 1809096 is divided by 68.
24
What is the remainder when 287791 is divided by 2116?
15
What is the remainder when 71268990 is divided by 92?
86
What is the remainder when 333879895 is divided by 26?
11
Calculate the remainder when 249442892 is divided by 100.
92
Calculate the remainder when 167007 is divided by 2334.
1293
What is the remainder when 17931435 is divided by 6926?
21
What is the remainder when 2105993 is divided by 12?
5
What is the remainder when 120813558 is divided by 422?
22
Calculate the remainder when 205867 is divided by 7916.
51
Calculate the remainder when 33248825 is divided by 234.
233
Calculate the remainder when 1840424 is divided by 613471.
11
Calculate the remainder when 160015105 is divided by 4.
1
Calculate the remainder when 3132270 is divided by 928.
270
What is the remainder when 116589 is divided by 38856?
21
What is the remainder when 124522366 is divided by 35?
31
Calculate the remainder when 18023324 is divided by 179.
172
Calculate the remainder when 277131 is divided by 137137.
2857
Calculate the remainder when 2009864 is divided by 1004915.
34
What is the remainder when 51384747 is divided by 1965?
1962
What is the remainder when 4269529 is divided by 23?
16
What is the remainder when 50606295 is divided by 488?
207
Calculate the remainder when 10484642 is divided by 2621158.
10
What is the remainder when 2114570 is divided by 5957?
5792
What is the remainder when 407686 is divided by 151?
137
What is the remainder when 3069473 is divided by 255787?
29
Calculate the remainder when 69119726 is divided by 123.
122
Calculate the remainder when 29343 is divided by 22.
17
Calculate the remainder when 613535 is divided by 153307.
307
Calculate the remainder when 12632 is divided by 969.
35
Calculate the remainder when 624669 is divided by 11790.
11589
What is the remainder when 8501536 is divided by 68?
40
What is the remainder when 41051871 is divided by 1368392?
111
Calculate the remainder when 124131 is divided by 868.
7
What is the remainder when 3115620 is divided by 3435?
75
What is the remainder when 5060133 is divided by 337335?
108
What is the remainder when 238064668 is divided by 32?
28
Calculate the remainder when 5779561 is divided by 161.
144
Calculate the remainder when 3796659 is divided by 187.
185
What is the remainder when 184376076 is divided by 1617334?
0
What is the remainder when 3069249571 is divided by 353?
350
What is the remainder when 2625076 is divided by 1312146?
784
Calculate the remainder when 322127 is divided by 21463.
182
Calculate the remainder when 1616802 is divided by 61.
58
What is the remainder when 10782662 is divided by 142?
34
What is the remainder when 135332 is divided by 1405?
452
Calculate the remainder when 7152942 is divided by 1430585.
17
Calculate the remainder when 4386984 is divided by 352.
8
What is the remainder when 1339301 is divided by 1889?
0
Calculate the remainder when 26083 is divided by 2983.
2219
Calculate the remainder when 338011 is divided by 8925.
7786
What is the remainder when 11294017 is divided by 6370?
7
What is the remainder when 3982689 is divided by 13?
9
Calculate the remainder when 1692628 is divided by 8680.
28
What is the remainder when 52392 is divided by 74?
0
What is the remainder when 3487903 is divided by 502?
7
What is the remainder when 413918 is divided by 82765?
93
Calculate the remainder when 226440 is divided by 373.
29
What is the remainder when 18756641 is divided by 721403?
163
Calculate the remainder when 364577 is divided by 45416.
1249
What is the remainder when 764706 is divided by 50980?
6
What is the remainder when 1055903 is divided by 2569?
44
Calculate the remainder when 25890081 is divided by 111.
108
Calculate the remainder when 212212 is divided by 477.
424
Calculate the remainder when 9196312 is divided by 317114.
6
Calculate the remainder when 41211735 is divided by 198.
15
Calculate the remainder when 1710583 is divided by 2095.
1063
What is the remainder when 258302 is divided by 94?
84
Calculate the remainder when 1019457 is divided by 1351.
803
What is the remainder when 22259444 is divided by 81?
77
What is the remainder when 197197991 is divided by 53?
43
What is the remainder when 4778228 is divided by 18032?
17780
What is the remainder when 1387992 is divided by 3024?
3000
Calculate the remainder when 54696999 is divided by 39.
6
What is the remainder when 2636193 is divided by 376599?
0
What is the remainder when 968360 is divided by 736?
520
What is the remainder when 3112438 is divided by 41499?
13
Calculate the remainder when 1254941 is divided by 4548.
4241
Calculate the remainder when 174685 is divided by 6652.
1733
Calculate the remainder when 551245 is divided by 550189.
1056
Calculate the remainder when 423726 is divided by 168.
30
Calculate the remainder when 1928191 is divided by 1928160.
31
What is the remainder when 2092660 is divided by 2581?
2050
What is the remainder when 214466 is divided by 214236?
230
What is the remainder when 17453 is divided by 17328?
125
Calculate the remainder when 957886 is divided by 1244.
6
What is the remainder when 7886562 is divided by 203?
12
What is the remainder when 2936113 is divided by 1938?
43
Calculate the remainder when 5080559 is divided by 628.
39
Calculate the remainder when 3007957 is divided by 349.
275
Calculate the remainder when 21129101 is divided by 1208.
1181
Calculate the remainder when 4522834 is divided by 232.
226
What is the remainder when 83429 is divided by 7192?
4317
What is the remainder when 3047930 is divided by 121917?
5
What is the remainder when 100411 is divided by 33461?
28
What is the remainder when 2908147 is divided by 481?
21
What is the remainder when 346123 is divided by 335?
68
Calculate the remainder when 12689 is divided by 2535.
14
What is the remainder when 13553762 is divided by 76?
74
Calculate the remainder when 37109 is divided by 25893.
11216
What is the remainder when 107052 is divided by 2685?
2337
What is the remainder when 293895 is divided by 48954?
171
Calculate the remainder when 236376113 is divided by 39.
38
Calculate the remainder when 48424464 is divided by 43.
14
Calculate the remainder when 11266906 is divided by 791.
693
What is the remainder when 25020 is divided by 2580?
1800
Calculate the remainder when 1726606 is divided by 13.
11
